{"id":65,"date":"2023-11-06T19:52:57","date_gmt":"2023-11-06T18:52:57","guid":{"rendered":"https:\/\/creativenumerik.com\/?page_id=65"},"modified":"2025-08-12T09:51:27","modified_gmt":"2025-08-12T07:51:27","slug":"__trashed","status":"publish","type":"page","link":"https:\/\/creativenumerik.com\/index.php\/__trashed\/","title":{"rendered":"Comp\u00e9tences"},"content":{"rendered":"<p>[et_pb_section fb_built=&#8221;1&#8243; _builder_version=&#8221;4.23.1&#8243; _module_preset=&#8221;default&#8221; background_color=&#8221;#000000&#8243; background_enable_pattern_style=&#8221;on&#8221; background_pattern_style=&#8221;pills&#8221; background_pattern_color=&#8221;RGBA(255,255,255,0)&#8221; min_height=&#8221;145.7px&#8221; custom_padding=&#8221;45px|||||&#8221; global_colors_info=&#8221;{}&#8221;][et_pb_row _builder_version=&#8221;4.23.1&#8243; _module_preset=&#8221;default&#8221; custom_margin=&#8221;-21px|auto||auto||&#8221; custom_padding=&#8221;0px||43px|||&#8221; global_colors_info=&#8221;{}&#8221;][et_pb_column type=&#8221;4_4&#8243; _builder_version=&#8221;4.23.1&#8243; _module_preset=&#8221;default&#8221; global_colors_info=&#8221;{}&#8221;][et_pb_text _builder_version=&#8221;4.23.1&#8243; _module_preset=&#8221;default&#8221; min_height=&#8221;73.4px&#8221; global_colors_info=&#8221;{}&#8221;]<\/p>\n<p><span style=\"font-size: x-large; color: #ffffff;\"><strong>Comp\u00e9tences :<\/strong><\/span><\/p>\n<p><span style=\"color: #ffffff;\"><em>Cr\u00e9ons un projet ensemble !<\/em><\/span><em><\/em><em><br \/><\/em><\/p>\n<p><span style=\"color: #ffffff;\">Les sites web que nous cr\u00e9ons sont con\u00e7us avec des langages digitaux de derni\u00e8re g\u00e9n\u00e9ration. Ces outils permettent d\u2019optimiser le SEO, de ce fait, le &#8220;r\u00e9f\u00e9rencement naturel&#8221; placera rapidement votre site web en t\u00eate des r\u00e9sultats des moteurs de recherche !<\/span><\/p>\n<p>[\/et_pb_text][\/et_pb_column][\/et_pb_row][\/et_pb_section][et_pb_section fb_built=&#8221;1&#8243; _builder_version=&#8221;4.23.1&#8243; _module_preset=&#8221;default&#8221; background_color=&#8221;#FFFFFF&#8221; background_enable_image=&#8221;off&#8221; module_alignment=&#8221;center&#8221; min_height=&#8221;430px&#8221; custom_margin=&#8221;-4%||||false|false&#8221; custom_padding=&#8221;12px||0px||false|false&#8221; module_alignment_tablet=&#8221;center&#8221; module_alignment_phone=&#8221;center&#8221; module_alignment_last_edited=&#8221;on|phone&#8221; global_colors_info=&#8221;{}&#8221;][et_pb_row column_structure=&#8221;1_4,1_4,1_4,1_4&#8243; disabled_on=&#8221;on|off|off&#8221; _builder_version=&#8221;4.23.1&#8243; _module_preset=&#8221;default&#8221; width=&#8221;95.1%&#8221; min_height=&#8221;154.4px&#8221; custom_margin=&#8221;40px|167px||174px||&#8221; custom_margin_tablet=&#8221;40px|0px||0px|false|false&#8221; custom_margin_phone=&#8221;40px|0px||5px|false|false&#8221; custom_margin_last_edited=&#8221;on|tablet&#8221; custom_padding=&#8221;||0px|1px||&#8221; global_colors_info=&#8221;{}&#8221;][et_pb_column type=&#8221;1_4&#8243; _builder_version=&#8221;4.23.1&#8243; _module_preset=&#8221;default&#8221; global_colors_info=&#8221;{}&#8221;][et_pb_image src=&#8221;http:\/\/creativenumerik.com\/wp-content\/uploads\/2023\/12\/telechargement-1.png&#8221; title_text=&#8221;te\u0301le\u0301chargement (1)&#8221; _builder_version=&#8221;4.23.1&#8243; _module_preset=&#8221;default&#8221; width_tablet=&#8221;30%&#8221; width_phone=&#8221;30%&#8221; width_last_edited=&#8221;on|tablet&#8221; height_tablet=&#8221;100%&#8221; height_phone=&#8221;100%&#8221; height_last_edited=&#8221;on|tablet&#8221; custom_margin=&#8221;|||10%|false|false&#8221; custom_margin_tablet=&#8221;|||21%|false|false&#8221; custom_margin_phone=&#8221;|||10%|false|false&#8221; custom_margin_last_edited=&#8221;on|desktop&#8221; module_alignment_tablet=&#8221;&#8221; module_alignment_phone=&#8221;center&#8221; module_alignment_last_edited=&#8221;on|phone&#8221; global_colors_info=&#8221;{}&#8221;][\/et_pb_image][\/et_pb_column][et_pb_column type=&#8221;1_4&#8243; _builder_version=&#8221;4.23.1&#8243; _module_preset=&#8221;default&#8221; global_colors_info=&#8221;{}&#8221;][et_pb_image src=&#8221;http:\/\/creativenumerik.com\/wp-content\/uploads\/2023\/12\/telechargement-2.png&#8221; title_text=&#8221;te\u0301le\u0301chargement (2)&#8221; _builder_version=&#8221;4.23.1&#8243; _module_preset=&#8221;default&#8221; width=&#8221;90.2%&#8221; width_tablet=&#8221;30%&#8221; width_phone=&#8221;41%&#8221; width_last_edited=&#8221;on|tablet&#8221; max_width_tablet=&#8221;&#8221; max_width_phone=&#8221;40%&#8221; max_width_last_edited=&#8221;on|phone&#8221; min_height=&#8221;212px&#8221; min_height_tablet=&#8221;100%&#8221; min_height_phone=&#8221;110px&#8221; min_height_last_edited=&#8221;on|tablet&#8221; height_tablet=&#8221;110px&#8221; height_phone=&#8221;100px&#8221; height_last_edited=&#8221;on|tablet&#8221; custom_margin=&#8221;-1px||1px|10%|false|false&#8221; custom_margin_tablet=&#8221;0px||1px|-41%|false|false&#8221; custom_margin_phone=&#8221;-1.1%||1px|-49%|false|false&#8221; custom_margin_last_edited=&#8221;on|tablet&#8221; custom_padding=&#8221;|1px||||&#8221; custom_padding_tablet=&#8221;0px|1px|||false|false&#8221; custom_padding_phone=&#8221;|||11px|false|false&#8221; custom_padding_last_edited=&#8221;on|phone&#8221; module_alignment_tablet=&#8221;&#8221; module_alignment_phone=&#8221;center&#8221; module_alignment_last_edited=&#8221;on|phone&#8221; global_colors_info=&#8221;{}&#8221;][\/et_pb_image][\/et_pb_column][et_pb_column type=&#8221;1_4&#8243; _builder_version=&#8221;4.23.1&#8243; _module_preset=&#8221;default&#8221; global_colors_info=&#8221;{}&#8221;][et_pb_image src=&#8221;http:\/\/creativenumerik.com\/wp-content\/uploads\/2023\/12\/telechargement-4.png&#8221; title_text=&#8221;te\u0301le\u0301chargement (4)&#8221; _builder_version=&#8221;4.23.1&#8243; _module_preset=&#8221;default&#8221; width_tablet=&#8221;35%&#8221; width_phone=&#8221;35%&#8221; width_last_edited=&#8221;on|tablet&#8221; max_width=&#8221;100%&#8221; max_width_tablet=&#8221;100%&#8221; max_width_phone=&#8221;100%&#8221; max_width_last_edited=&#8221;on|desktop&#8221; min_height_tablet=&#8221;158%&#8221; min_height_phone=&#8221;158%&#8221; min_height_last_edited=&#8221;on|tablet&#8221; height=&#8221;280px&#8221; height_tablet=&#8221;150px&#8221; height_phone=&#8221;130px&#8221; height_last_edited=&#8221;on|desktop&#8221; custom_margin=&#8221;-34px|0px||0px|false|false&#8221; custom_margin_tablet=&#8221;-46%|0px||119%|false|false&#8221; custom_margin_phone=&#8221;5px|0px|16px|0px|false|false&#8221; custom_margin_last_edited=&#8221;on|desktop&#8221; custom_padding=&#8221;||1px|||&#8221; module_alignment_tablet=&#8221;&#8221; module_alignment_phone=&#8221;center&#8221; module_alignment_last_edited=&#8221;on|phone&#8221; global_colors_info=&#8221;{}&#8221;][\/et_pb_image][\/et_pb_column][et_pb_column type=&#8221;1_4&#8243; _builder_version=&#8221;4.23.1&#8243; _module_preset=&#8221;default&#8221; global_colors_info=&#8221;{}&#8221;][et_pb_image src=&#8221;http:\/\/creativenumerik.com\/wp-content\/uploads\/2023\/12\/telechargement.png&#8221; title_text=&#8221;te\u0301le\u0301chargement&#8221; _builder_version=&#8221;4.23.1&#8243; _module_preset=&#8221;default&#8221; width_tablet=&#8221;30%&#8221; width_phone=&#8221;30.2%&#8221; width_last_edited=&#8221;on|tablet&#8221; min_height=&#8221;80%&#8221; min_height_tablet=&#8221;75%&#8221; min_height_phone=&#8221;87px&#8221; min_height_last_edited=&#8221;on|phone&#8221; height=&#8221;180px&#8221; height_tablet=&#8221;90px&#8221; height_phone=&#8221;100px&#8221; height_last_edited=&#8221;on|tablet&#8221; custom_margin=&#8221;15px|||27px|false|false&#8221; custom_margin_tablet=&#8221;-36.1%|100px|-12px|62%|false|false&#8221; custom_margin_phone=&#8221;5%|107px|0%|240px|false|false&#8221; custom_margin_last_edited=&#8221;on|tablet&#8221; custom_padding=&#8221;0px|0px||0px||&#8221; module_alignment_tablet=&#8221;&#8221; module_alignment_phone=&#8221;center&#8221; module_alignment_last_edited=&#8221;on|phone&#8221; global_colors_info=&#8221;{}&#8221;][\/et_pb_image][\/et_pb_column][\/et_pb_row][et_pb_row column_structure=&#8221;1_4,1_4,1_4,1_4&#8243; custom_padding_last_edited=&#8221;on|desktop&#8221; disabled_on=&#8221;on|off|off&#8221; _builder_version=&#8221;4.23.1&#8243; _module_preset=&#8221;default&#8221; width=&#8221;85.1%&#8221; width_tablet=&#8221;85.1%&#8221; width_phone=&#8221;100%&#8221; width_last_edited=&#8221;on|phone&#8221; max_width_tablet=&#8221;&#8221; max_width_phone=&#8221;185%&#8221; max_width_last_edited=&#8221;on|phone&#8221; min_height=&#8221;54.8px&#8221; min_height_tablet=&#8221;54.8px&#8221; min_height_phone=&#8221;292px&#8221; min_height_last_edited=&#8221;on|phone&#8221; height_tablet=&#8221;&#8221; height_phone=&#8221;1050px&#8221; height_last_edited=&#8221;on|phone&#8221; max_height_tablet=&#8221;&#8221; max_height_phone=&#8221;960px&#8221; max_height_last_edited=&#8221;on|phone&#8221; custom_margin=&#8221;|0%||24%|false|false&#8221; custom_margin_tablet=&#8221;-20px|0%||16%|false|false&#8221; custom_margin_phone=&#8221;-176.1%|0%||37px|false|false&#8221; custom_margin_last_edited=&#8221;on|phone&#8221; custom_padding=&#8221;0px|||0%|false|false&#8221; custom_padding_tablet=&#8221;0px|||0.5%|false|false&#8221; custom_padding_phone=&#8221;14px|0px|30px|27%|false|false&#8221; module_alignment_tablet=&#8221;&#8221; module_alignment_phone=&#8221;center&#8221; module_alignment_last_edited=&#8221;on|phone&#8221; global_colors_info=&#8221;{}&#8221;][et_pb_column type=&#8221;1_4&#8243; _builder_version=&#8221;4.23.1&#8243; _module_preset=&#8221;default&#8221; global_colors_info=&#8221;{}&#8221;][et_pb_text _builder_version=&#8221;4.23.1&#8243; _module_preset=&#8221;default&#8221; text_font_size=&#8221;30px&#8221; text_orientation=&#8221;center&#8221; width=&#8221;100%&#8221; width_tablet=&#8221;49%&#8221; width_phone=&#8221;100%&#8221; width_last_edited=&#8221;on|tablet&#8221; max_width_tablet=&#8221;&#8221; max_width_phone=&#8221;100%&#8221; max_width_last_edited=&#8221;on|phone&#8221; custom_margin=&#8221;|||-69.1%|false|false&#8221; custom_margin_tablet=&#8221;|||-24%|false|false&#8221; custom_margin_phone=&#8221;91%|||-26%|false|false&#8221; custom_margin_last_edited=&#8221;on|desktop&#8221; custom_padding=&#8221;|3px|||false|false&#8221; custom_padding_tablet=&#8221;|3px|||false|false&#8221; custom_padding_phone=&#8221;0px|69%|||false|false&#8221; custom_padding_last_edited=&#8221;on|phone&#8221; text_font_size_tablet=&#8221;14px&#8221; text_font_size_phone=&#8221;12px&#8221; text_font_size_last_edited=&#8221;on|tablet&#8221; module_alignment_tablet=&#8221;&#8221; module_alignment_phone=&#8221;center&#8221; module_alignment_last_edited=&#8221;on|phone&#8221; global_colors_info=&#8221;{}&#8221;]<\/p>\n<p>SITE VITRINE<\/p>\n<p>[\/et_pb_text][\/et_pb_column][et_pb_column type=&#8221;1_4&#8243; _builder_version=&#8221;4.23.1&#8243; _module_preset=&#8221;default&#8221; global_colors_info=&#8221;{}&#8221;][et_pb_text _builder_version=&#8221;4.23.1&#8243; _module_preset=&#8221;default&#8221; text_font_size=&#8221;30px&#8221; text_orientation=&#8221;center&#8221; width_tablet=&#8221;34%&#8221; width_phone=&#8221;110%&#8221; width_last_edited=&#8221;on|tablet&#8221; max_width_tablet=&#8221;&#8221; max_width_phone=&#8221;120%&#8221; max_width_last_edited=&#8221;on|phone&#8221; custom_margin=&#8221;|||-141%|false|false&#8221; custom_margin_tablet=&#8221;|||-74%|false|false&#8221; custom_margin_phone=&#8221;-19%|||-30%|false|false&#8221; custom_margin_last_edited=&#8221;on|desktop&#8221; custom_padding_tablet=&#8221;||||false|false&#8221; custom_padding_phone=&#8221;||||false|false&#8221; custom_padding_last_edited=&#8221;on|tablet&#8221; text_font_size_tablet=&#8221;14px&#8221; text_font_size_phone=&#8221;12px&#8221; text_font_size_last_edited=&#8221;on|desktop&#8221; module_alignment_tablet=&#8221;&#8221; module_alignment_phone=&#8221;&#8221; module_alignment_last_edited=&#8221;on|phone&#8221; global_colors_info=&#8221;{}&#8221;]<\/p>\n<p>E-COMMERCE<\/p>\n<p>[\/et_pb_text][\/et_pb_column][et_pb_column type=&#8221;1_4&#8243; _builder_version=&#8221;4.23.1&#8243; _module_preset=&#8221;default&#8221; global_colors_info=&#8221;{}&#8221;][et_pb_text _builder_version=&#8221;4.23.1&#8243; _module_preset=&#8221;default&#8221; text_font_size=&#8221;30px&#8221; width_tablet=&#8221;32%&#8221; width_phone=&#8221;100%&#8221; width_last_edited=&#8221;on|tablet&#8221; max_width_tablet=&#8221;100%&#8221; max_width_phone=&#8221;100%&#8221; max_width_last_edited=&#8221;on|tablet&#8221; min_height_tablet=&#8221;&#8221; min_height_phone=&#8221;&#8221; min_height_last_edited=&#8221;on|tablet&#8221; custom_margin=&#8221;|||-70%|false|false&#8221; custom_margin_tablet=&#8221;-53px|-4px||95%|false|false&#8221; custom_margin_phone=&#8221;-82%|-8px||-26%|false|false&#8221; custom_margin_last_edited=&#8221;on|tablet&#8221; text_font_size_tablet=&#8221;14px&#8221; text_font_size_phone=&#8221;12px&#8221; text_font_size_last_edited=&#8221;on|tablet&#8221; module_alignment_tablet=&#8221;&#8221; module_alignment_phone=&#8221;&#8221; module_alignment_last_edited=&#8221;on|tablet&#8221; global_colors_info=&#8221;{}&#8221;]<\/p>\n<p>RESPONSIVE<\/p>\n<p>[\/et_pb_text][\/et_pb_column][et_pb_column type=&#8221;1_4&#8243; _builder_version=&#8221;4.23.1&#8243; _module_preset=&#8221;default&#8221; global_colors_info=&#8221;{}&#8221;][et_pb_text _builder_version=&#8221;4.23.1&#8243; _module_preset=&#8221;default&#8221; text_font_size=&#8221;30px&#8221; width=&#8221;100%&#8221; width_tablet=&#8221;100%&#8221; width_phone=&#8221;100%&#8221; width_last_edited=&#8221;on|desktop&#8221; max_width=&#8221;100%&#8221; max_width_tablet=&#8221;100%&#8221; max_width_phone=&#8221;100%&#8221; max_width_last_edited=&#8221;on|desktop&#8221; custom_margin=&#8221;|0px||-67%|false|false&#8221; custom_margin_tablet=&#8221;-16%|||43%|false|false&#8221; custom_margin_phone=&#8221;-81%|||8%|false|false&#8221; custom_margin_last_edited=&#8221;on|tablet&#8221; custom_padding=&#8221;|||0px|false|false&#8221; custom_padding_tablet=&#8221;|||0px|false|false&#8221; custom_padding_phone=&#8221;|||0px|false|false&#8221; custom_padding_last_edited=&#8221;on|desktop&#8221; text_font_size_tablet=&#8221;14px&#8221; text_font_size_phone=&#8221;12px&#8221; text_font_size_last_edited=&#8221;on|tablet&#8221; global_colors_info=&#8221;{}&#8221;]<\/p>\n<p>GRAPHISME<\/p>\n<p>[\/et_pb_text][\/et_pb_column][\/et_pb_row][et_pb_row disabled_on=&#8221;off|on|on&#8221; _builder_version=&#8221;4.27.4&#8243; _module_preset=&#8221;default&#8221; width_tablet=&#8221;&#8221; width_phone=&#8221;100%&#8221; width_last_edited=&#8221;on|phone&#8221; max_width_tablet=&#8221;&#8221; max_width_phone=&#8221;2560%&#8221; max_width_last_edited=&#8221;on|phone&#8221; module_alignment=&#8221;center&#8221; custom_padding=&#8221;|||0px||&#8221; module_alignment_tablet=&#8221;center&#8221; module_alignment_phone=&#8221;center&#8221; module_alignment_last_edited=&#8221;on|phone&#8221; global_colors_info=&#8221;{}&#8221;][et_pb_column type=&#8221;4_4&#8243; _builder_version=&#8221;4.23.1&#8243; _module_preset=&#8221;default&#8221; global_colors_info=&#8221;{}&#8221;][et_pb_image src=&#8221;http:\/\/creativenumerik.com\/wp-content\/uploads\/2023\/12\/Capture-decran-2023-12-19-a-11.20.00.png&#8221; src_tablet=&#8221;http:\/\/creativenumerik.com\/wp-content\/uploads\/2023\/12\/Capture-decran-2023-12-19-a-11.20.00.png&#8221; src_phone=&#8221;http:\/\/creativenumerik.com\/wp-content\/uploads\/2023\/12\/Capture-decran-2023-12-19-a-11.20.00.png&#8221; src_last_edited=&#8221;on|phone&#8221; _builder_version=&#8221;4.27.4&#8243; _module_preset=&#8221;default&#8221; width=&#8221;100%&#8221; width_tablet=&#8221;100%&#8221; width_phone=&#8221;98%&#8221; width_last_edited=&#8221;on|phone&#8221; max_width=&#8221;100%&#8221; max_width_tablet=&#8221;100%&#8221; max_width_phone=&#8221;95%&#8221; max_width_last_edited=&#8221;on|phone&#8221; module_alignment_tablet=&#8221;&#8221; module_alignment_phone=&#8221;center&#8221; module_alignment_last_edited=&#8221;on|phone&#8221; global_colors_info=&#8221;{}&#8221;][\/et_pb_image][\/et_pb_column][\/et_pb_row][et_pb_row _builder_version=&#8221;4.23.1&#8243; _module_preset=&#8221;default&#8221; min_height=&#8221;108.8px&#8221; custom_padding=&#8221;96px||55px|||&#8221; global_colors_info=&#8221;{}&#8221;][et_pb_column type=&#8221;4_4&#8243; _builder_version=&#8221;4.23.1&#8243; _module_preset=&#8221;default&#8221; global_colors_info=&#8221;{}&#8221;][et_pb_divider _builder_version=&#8221;4.23.1&#8243; _module_preset=&#8221;default&#8221; global_colors_info=&#8221;{}&#8221;][\/et_pb_divider][\/et_pb_column][\/et_pb_row][et_pb_row _builder_version=&#8221;4.23.1&#8243; _module_preset=&#8221;default&#8221; width=&#8221;100%&#8221; module_alignment=&#8221;center&#8221; min_height=&#8221;74.8px&#8221; custom_margin=&#8221;-22px|auto|57px|auto||&#8221; custom_margin_tablet=&#8221;-22px|auto|57px|auto||&#8221; custom_margin_phone=&#8221;0.4%|auto|57px|auto|false|false&#8221; custom_margin_last_edited=&#8221;on|phone&#8221; custom_padding=&#8221;25px|||||&#8221; module_alignment_tablet=&#8221;center&#8221; module_alignment_phone=&#8221;center&#8221; module_alignment_last_edited=&#8221;on|desktop&#8221; global_colors_info=&#8221;{}&#8221;][et_pb_column type=&#8221;4_4&#8243; _builder_version=&#8221;4.23.1&#8243; _module_preset=&#8221;default&#8221; global_colors_info=&#8221;{}&#8221;][et_pb_text _builder_version=&#8221;4.23.1&#8243; _module_preset=&#8221;default&#8221; text_font_size=&#8221;30px&#8221; module_alignment=&#8221;center&#8221; text_font_size_tablet=&#8221;30px&#8221; text_font_size_phone=&#8221;15px&#8221; text_font_size_last_edited=&#8221;on|phone&#8221; global_colors_info=&#8221;{}&#8221;]<\/p>\n<p style=\"text-align: center;\">OUTILS DE WEB-DESIGN<\/p>\n<p>[\/et_pb_text][\/et_pb_column][\/et_pb_row][et_pb_row custom_padding_last_edited=&#8221;on|phone&#8221; disabled_on=&#8221;off|off|off&#8221; _builder_version=&#8221;4.23.1&#8243; _module_preset=&#8221;default&#8221; width=&#8221;40%&#8221; width_tablet=&#8221;&#8221; width_phone=&#8221;85%&#8221; width_last_edited=&#8221;on|phone&#8221; max_width=&#8221;1436px&#8221; module_alignment=&#8221;center&#8221; min_height=&#8221;381.6px&#8221; min_height_tablet=&#8221;&#8221; min_height_phone=&#8221;220px&#8221; min_height_last_edited=&#8221;on|phone&#8221; height_tablet=&#8221;&#8221; height_phone=&#8221;100px&#8221; height_last_edited=&#8221;on|phone&#8221; custom_margin=&#8221;16px|auto|0px|auto|false|false&#8221; custom_margin_tablet=&#8221;16px|auto|0px|auto|false|false&#8221; custom_margin_phone=&#8221;12px|auto|0px|auto|false|false&#8221; custom_margin_last_edited=&#8221;on|phone&#8221; custom_padding_tablet=&#8221;&#8221; custom_padding_phone=&#8221;5%||||false|false&#8221; module_alignment_tablet=&#8221;&#8221; module_alignment_phone=&#8221;center&#8221; module_alignment_last_edited=&#8221;on|phone&#8221; border_radii=&#8221;on|5px|5px|5px|5px&#8221; box_shadow_style=&#8221;preset2&#8243; box_shadow_horizontal=&#8221;-1px&#8221; box_shadow_vertical=&#8221;20px&#8221; box_shadow_blur=&#8221;80px&#8221; box_shadow_spread=&#8221;20px&#8221; global_colors_info=&#8221;{}&#8221;][et_pb_column type=&#8221;4_4&#8243; _builder_version=&#8221;4.23.1&#8243; _module_preset=&#8221;default&#8221; global_colors_info=&#8221;{}&#8221;][et_pb_image src=&#8221;http:\/\/creativenumerik.com\/wp-content\/uploads\/2023\/11\/Capture-decran-2023-11-27-a-17.54.10.png&#8221; title_text=&#8221;Capture d\u2019e\u0301cran 2023-11-27 a\u0300 17.54.10&#8243; disabled_on=&#8221;off|off|off&#8221; _builder_version=&#8221;4.23.1&#8243; _module_preset=&#8221;default&#8221; custom_margin_tablet=&#8221;&#8221; custom_margin_phone=&#8221;10px||||false|false&#8221; custom_margin_last_edited=&#8221;on|phone&#8221; global_colors_info=&#8221;{}&#8221;][\/et_pb_image][\/et_pb_column][\/et_pb_row][et_pb_row _builder_version=&#8221;4.23.1&#8243; _module_preset=&#8221;default&#8221; min_height=&#8221;108.8px&#8221; custom_padding=&#8221;96px||55px|||&#8221; global_colors_info=&#8221;{}&#8221;][et_pb_column type=&#8221;4_4&#8243; _builder_version=&#8221;4.23.1&#8243; _module_preset=&#8221;default&#8221; global_colors_info=&#8221;{}&#8221;][et_pb_divider _builder_version=&#8221;4.23.1&#8243; _module_preset=&#8221;default&#8221; global_colors_info=&#8221;{}&#8221;][\/et_pb_divider][\/et_pb_column][\/et_pb_row][\/et_pb_section][et_pb_section fb_built=&#8221;1&#8243; _builder_version=&#8221;4.24.0&#8243; _module_preset=&#8221;default&#8221; global_colors_info=&#8221;{}&#8221;][et_pb_row _builder_version=&#8221;4.24.0&#8243; _module_preset=&#8221;default&#8221; custom_margin=&#8221;-117px|auto||auto||&#8221; global_colors_info=&#8221;{}&#8221;][et_pb_column type=&#8221;4_4&#8243; _builder_version=&#8221;4.24.0&#8243; _module_preset=&#8221;default&#8221; global_colors_info=&#8221;{}&#8221;][et_pb_text _builder_version=&#8221;4.24.0&#8243; _module_preset=&#8221;default&#8221; global_colors_info=&#8221;{}&#8221;]<\/p>\n<p><strong>Dispositif d&#8217;aide :<\/strong><\/p>\n<p>Votre entreprise est peut-\u00eatre \u00e9ligible au dispositif d&#8217;aide r\u00e9gionale &#8220;Kap Numerik&#8221;.<\/p>\n<p>Nous vous proposons nos services pour le montage, le suivi jusqu&#8217;\u00e0 l&#8217;acceptation du dossier aupr\u00e8s de la R\u00e9gion R\u00e9union.<\/p>\n<p>Le Kap Num\u00e9rik version 2024 est un dispositif r\u00e9gional cofinanc\u00e9 par l\u2019Union Europ\u00e9enne et la R\u00e9gion au sein du Programme Op\u00e9rationnel FEDER 2021-2027, fiche action N\u00b01.2.5.<br \/>Il concerne\u00a0:<br \/>* Les entreprises au sens communautaire &#8211; \u00e0 l\u2019exception des entreprises du secteur num\u00e9rique &#8211; de moins de 20 salari\u00e9s (TPE) y compris les entreprises sans salari\u00e9, inscrites au Registre du Commerce et des Soci\u00e9t\u00e9s ou au Registre des m\u00e9tiers, dont le si\u00e8ge social est domicili\u00e9 \u00e0 la R\u00e9union.<br \/>* Pour les entreprises de 0 \u00e0 9 salari\u00e9s, le chiffre d\u2019affaires est inf\u00e9rieur et plafonn\u00e9 \u00e0 500 000 euros.<br \/>* Pour les entreprises de 10 \u00e0 19 salari\u00e9s, le chiffre d\u2019affaires est inf\u00e9rieur et plafonn\u00e9 \u00e0 1 000 000 d\u2019euros.<br \/>* Les associations de moins de 10 salari\u00e9s, domicili\u00e9es \u00e0 la R\u00e9union.<br \/>* Les professions lib\u00e9rales non r\u00e9glement\u00e9es ou assimil\u00e9es, domicili\u00e9es \u00e0 la R\u00e9union, dont le chiffre d\u2019affaires est inf\u00e9rieur et plafonn\u00e9 \u00e0 500 000 euros.<\/p>\n<p>Les modalit\u00e9s de calcul de la subvention sont les suivantes\u00a0:<\/p>\n<p>Pour les entreprises &lt; 10 salari\u00e9s\u00a0: 80\u00a0% des d\u00e9penses \u00e9ligibles et 3 200 euros de subvention maximum.<br \/>Pour les entreprises de 10 \u00e0 19 salari\u00e9s\u00a0: 50\u00a0% des d\u00e9penses \u00e9ligibles et 2 000 euros de subvention maximum.<\/p>\n<p>Les montants des subventions seront \u00e9galement plafonn\u00e9s en fonction des typologies d\u2019actions pr\u00e9sent\u00e9es et \u00e9valu\u00e9es \u00e0 partir des devis re\u00e7us\u00a0:<\/p>\n<p>* Cr\u00e9ation ou refonte d\u2019un site Internet vitrine\u00a0: 1200 \u20ac<br \/>* Cr\u00e9ation d\u2019un site marchand\u00a0: 2000 \u20ac<br \/>* Chat Bot\u00a0: 2000 \u20ac<br \/>* D\u00e9veloppement d\u2019application mobile\u00a0: 2000 \u20ac<br \/>* Prestation de d\u00e9veloppement de la pr\u00e9sence sur les r\u00e9seaux sociaux (community management)\u00a0: 1000 \u20ac<br \/>* Accompagnement \u00e0 la d\u00e9finition de la strat\u00e9gie digitale\u00a0: 500 \u20ac<br \/>* Accompagnement \u00e0 la digitalisation de contenus (cr\u00e9dits photos, web design, logo-charte graphique, \u2026)\u00a0: 2000 \u20ac<br \/>* Prestations de s\u00e9curit\u00e9 (audits de s\u00e9curit\u00e9, s\u00e9curisation des sites internet, s\u00e9curisation de donn\u00e9es,\u2026)\u00a0: 1000 \u20ac<br \/>* Abonnement \u00e0 une \u00ab\u00a0marketplace\u00a0\u00bb\u00a0: 1000 \u20ac<\/p>\n<p>Le r\u00f4le des prestataires num\u00e9riques, offreurs de solutions.<br \/>Dans son dossier de demande de subvention, le b\u00e9n\u00e9ficiaire de la subvention du kap num\u00e9rique devra pr\u00e9senter un devis.<\/p>\n<p>Pour le bon fonctionnement du Kap Num\u00e9rik, il sera demand\u00e9 aux prestataires num\u00e9riques offreurs de solutions :<\/p>\n<p>* de s\u2019engager aupr\u00e8s de leur client \u00e0 respecter des normes (pi\u00e8ce constitutive du dossier de demande de subvention)<br \/>* \u00ab\u202fFiche d\u2019engagement des prestataires\u202f\u00bb\u00a0et\u00a0\u00ab\u202flogos FEDER et R\u00e9gion\u202f\u00bb\u00a0\u00e0 t\u00e9l\u00e9charger<br \/>* d\u2019accompagner leur clients potentiels \u00e0 remplir les objectifs principaux et secondaires de leur projet digitaux demand\u00e9 dans le formulaire de demande de subvention.<\/p>\n<p>La demande de subvention\u00a0:<\/p>\n<p>Elle est enti\u00e8rement d\u00e9mat\u00e9rialis\u00e9e. Il faudra r\u00e9unir les pi\u00e8ces indiqu\u00e9es dans le fichier suivant\u00a0\u00ab\u202fListe de pi\u00e8ces \u00e0 t\u00e9l\u00e9charger\u202f\u00bb\u00a0et renseigner le formulaire de demande.<\/p>\n<p>[\/et_pb_text][\/et_pb_column][\/et_pb_row][\/et_pb_section]<\/p>\n","protected":false},"excerpt":{"rendered":"<p>Comp\u00e9tences : Cr\u00e9ons un projet ensemble ! Les sites web que nous cr\u00e9ons sont con\u00e7us avec des langages digitaux de derni\u00e8re g\u00e9n\u00e9ration. Ces outils permettent d\u2019optimiser le SEO, de ce fait, le &#8220;r\u00e9f\u00e9rencement naturel&#8221; placera rapidement votre site web en t\u00eate des r\u00e9sultats des moteurs de recherche !SITE VITRINEE-COMMERCERESPONSIVEGRAPHISMEOUTILS DE WEB-DESIGNDispositif d&#8217;aide : Votre entreprise [&hellip;]<\/p>\n","protected":false},"author":1,"featured_media":0,"parent":0,"menu_order":0,"comment_status":"closed","ping_status":"closed","template":"","meta":{"_et_pb_use_builder":"on","_et_pb_old_content":"","_et_gb_content_width":"","footnotes":""},"_links":{"self":[{"href":"https:\/\/creativenumerik.com\/index.php\/wp-json\/wp\/v2\/pages\/65"}],"collection":[{"href":"https:\/\/creativenumerik.com\/index.php\/wp-json\/wp\/v2\/pages"}],"about":[{"href":"https:\/\/creativenumerik.com\/index.php\/wp-json\/wp\/v2\/types\/page"}],"author":[{"embeddable":true,"href":"https:\/\/creativenumerik.com\/index.php\/wp-json\/wp\/v2\/users\/1"}],"replies":[{"embeddable":true,"href":"https:\/\/creativenumerik.com\/index.php\/wp-json\/wp\/v2\/comments?post=65"}],"version-history":[{"count":105,"href":"https:\/\/creativenumerik.com\/index.php\/wp-json\/wp\/v2\/pages\/65\/revisions"}],"predecessor-version":[{"id":999,"href":"https:\/\/creativenumerik.com\/index.php\/wp-json\/wp\/v2\/pages\/65\/revisions\/999"}],"wp:attachment":[{"href":"https:\/\/creativenumerik.com\/index.php\/wp-json\/wp\/v2\/media?parent=65"}],"curies":[{"name":"wp","href":"https:\/\/api.w.org\/{rel}","templated":true}]}}